e prime factors of x(5).
17
Suppose -4*m + 12 = -m. Suppose m*y = -50 + 182. List the prime factors of y.
3, 11
Suppose 2*s - s - 20 = 0. List the prime factors of s.
2, 5
Let w(u) = u - 7. Let a be w(10). List the prime factors of 1 + 9 - 6/a.
2
Suppose 5*n + 3 + 12 = 0. What are the prime factors of 2/(-3) + (-56)/n?
2, 3
Let a(m) = -21*m**3 + m**2 + m + 1. Let g = 5 - 6. Let r be a(g). Let d = r - 12. List the prime factors of d.
2, 5
Let l(s) be the first derivative of s**2 + 5*s + 1. Let z be l(9). Suppose 4*u = z + 25. What are the prime factors of u?
2, 3
Suppose 0 = 5*f + 5*r - 275, 3*f - 11 = -2*r + 150. List the prime factors of f.
3, 17
Let k = -4 - -30. What are the prime factors of k?
2, 13
Suppose -8 = -3*q - 2. Suppose c = -2*w + 15, -3*c - w + 11 = -49. What are the prime factors of 7/q*12/c?
2
Suppose 5*a - 6 = 24. What are the prime factors of a?
2, 3
Suppose 0*z - 3*a - 47 = -z, -89 = -2*z + 5*a. List the prime factors of z.
2
List the prime factors of (216/(-21))/((-6)/28).
2, 3
List the prime factors of (-12)/(-4) - ((-1 - -1) + -29).
2
Let b(a) = -a**3 - 6*a**2 - 4*a + 4. Let f be b(-4). Let q(k) = -k**3 - 11*k**2 + 12*k + 5. Let d be q(f). Suppose -d*u + 30 = -10. List the prime factors of u.
2
Let b = -9 - -13. Let d be (-2)/(-4)*b/2. Let x(v) = 15*v. List the prime factors of x(d).
3, 5
Let y(q) = -2*q + 1. Let d be y(-4). Suppose -a + d + 4 = 0. What are the prime factors of a?
13
Suppose 4*u - u = -21. Let c(f) = f**3 + 7*f**2 - 3*f + 8. What are the prime factors of c(u)?
29
Suppose -13 = -4*o + 79. Let a = o + 5. Suppose -3*h - a = -5*h. List the prime factors of h.
2, 7
Let t(h) = 5*h + 1. Let n be t(1). Suppose 2 - n = -2*z. Suppose z = v - 4. What are the prime factors of v?
2, 3
Let v be (1 + 1)/((-2)/(-5)). Suppose 0 = -3*t + 5*x + 6 - 3, -x = 2*t - 2. Let k = v + t. List the prime factors of k.
2, 3
Let t = -6 + 83. What are the prime factors of t?
7, 11
What are the prime factors of (-1)/3 - ((-712)/3 + 2)?
5, 47
Let h = -24 + 52. What are the prime factors of h?
2, 7
Let s(k) = 138*k**3 + 2*k**2 - 1. What are the prime factors of s(1)?
139
Let r = 80 + 50. List the prime factors of (-2)/(-7) + r/35.
2
Let n be (-41)/(-2) - (-1)/(-2). Suppose n = 5*j - 2*y, -3*j - 2*j - 2*y = 0. List the prime factors of j.
2
Suppose -u - u + 36 = 0. Suppose 3*f - u = -3. List the prime factors of f.
5
Suppose 5*o = 4*u - 11, 0 = 3*u + 3*o + 8 + 4. Let q = u + 17. What are the prime factors of q?
2
Suppose -2*h + 0*h = 4*x - 48, -3*h = -12. Suppose -x = -3*a + 8. What are the prime factors of a?
2, 3
Let o(z) be the third derivative of z**6/120 - z**5/12 - z**4/6 + 4*z**3/3 + 3*z**2. What are the prime factors of o(6)?
2, 5
Let y be 1238/18 - (-2)/9. Let f = y + -49. What are the prime factors of f?
2, 5
Let p be (-2)/6 - 20/(-6). Suppose -p*d - 2*s = -0*d - 33, -2*s = -d + 11. List the prime factors of d.
11
Suppose -5*v = 4*u - 25, 11 + 15 = 5*u + v. Let g(r) = 2*r**2 - 6*r - 2. List the prime factors of g(u).
2, 3
Let j(n) be the second derivative of -4*n**3/3 - n**2/2 + n. Let x be j(-4). Suppose -2*q - q + 15 = 3*d, 5*q = -3*d + x. List the prime factors of q.
2
Suppose -5*r + 0*r - 2*i + 139 = 0, -r - 2*i + 31 = 0. Let g = 49 - r. List the prime factors of g.
2, 11
Suppose w - 70 - 33 = 0. List the prime factors of w.
103
Suppose 2*g = -0*g - 12. Let c be (2 - (-9)/g)*-4. Let n = 15 + c. What are the prime factors of n?
13
Let z be 4/10 - 23/(-5). Suppose -3*x + 10 = 5*d, 2*x - 4*d = z*x - 14. What are the prime factors of x?
2, 5
Let r(p) = -p**3 - 6*p**2 - p + 2. Let l = -3 + -3. Let g be r(l). List the prime factors of 44/16 + 2/g.
3
Let x be (6/15)/((-1)/(-5)). Let q be 3/(-2) - (-1)/x. Let b = 7 + q. What are the prime factors of b?
2, 3
Let t = 8 - 12. What are the prime factors of ((-2)/t)/((-1)/(-38))?
19
Let h be 17/3 + 2/6. List the prime factors of 1 + 1 + 0 + h.
2
Suppose 2*c - 51 = -1. What are the prime factors of c?
5
Suppose -25 = -7*a + 2*a. Suppose -a*f - 4*g - g = -55, 0 = -3*f - 5*g + 35. Let b = f + -4. List the prime factors of b.
2, 3
Let f = 479 - 319. What are the prime factors of f?
2, 5
Suppose -g + 2*c + 15 = 3, 4*g = 3*c + 43. What are the prime factors of g?
2, 5
Let x be (-34)/(-9) - (-4)/18. Suppose 14 = 5*d + x. Suppose -d*q = -8 - 2. What are the prime factors of q?
5
Let v = -3 - -5. Let f(t) = 0*t - 2 + 5*t**v - 6 - t**3 + 8*t. What are the prime factors of f(6)?
2
What are the prime factors of (-2335)/(-35) - 4/(-14)?
67
Let w(v) = -v**2 - 5*v - 2. Let h be w(-4). List the prime factors of (-91)/26*h*-1.
7
Let t(c) be the first derivative of -3*c**2/2 - 4*c - 9. Let p be ((-3)/(-3))/(2/(-10)). What are the prime factors of t(p)?
11
Suppose 0 = 4*d - 6 - 10, 4*d = -3*z + 28. Let t(i) = 6*i - 6*i - i**2 - 6 + 7*i. List the prime factors of t(z).
2, 3
Suppose 0*p = 3*p - 240. Let c = -32 + p. What are the prime factors of c?
2, 3
Let l(i) = -i**3 - i**2 + 12. Let h = 4 + -4. What are the prime factors of l(h)?
2, 3
Suppose 0 = 4*x - 1 - 7. Suppose -x*m + 36 = 2*m. Let p = 14 - m. List the prime factors of p.
5
Suppose 2*l + 5*p - 25 = 8, -4*p = l - 24. Suppose -28 = 3*c - l*c. List the prime factors of c.
2, 7
Suppose 0 = 4*s + 27 + 21. Let b = s - -18. What are the prime factors of b?
2, 3
Let t = -79 - -95. Suppose v - 21 = -5*a - 0*v, -a - 4*v - 11 = 0. Suppose -3*f + a*f - t = 0. List the prime factors of f.
2
Let h(a) = 30*a - 11*a**2 + 5 - 28*a - 2 + a**3. List the prime factors of h(11).
5
Suppose 18 = -0*f + f. List the prime factors of (-4)/f + 94/18.
5
Let u(q) = -q**2 + 7*q + 3. Let i be u(7). Suppose 5*s = 3*b - 17, 3*b - 21 = -i*s + 12. What are the prime factors of b?
3
Suppose j + j - 129 = 5*c, 2*j - 120 = -4*c. Suppose 3*s - j = -h, 96 = -0*s + 5*s - 2*h. What are the prime factors of s?
2, 5
Suppose -76 - 164 = -5*r. What are the prime factors of r?
2, 3
Let f = -137 - -81. What are the prime factors of f/(-6) - 4/(-6)?
2, 5
Suppose 5*n + 145 = 4*k, 2*k + 3*k - 179 = 4*n. Let s(y) = -y**3 - 4*y**2 + 2*y + 4. Let v be s(-5). Let q = k - v. What are the prime factors of q?
2
Let h = 16 + -14. What are the prime factors of h?
2
Let k be (4*-1)/((-3)/6). Let r = 31 + k. List the prime factors of r.
3, 13
Suppose o + 6 = m, 4*m - o + 2*o = 39. List the prime factors of m.
3
Let w = -63 - -102. Let k = 55 - w. List the prime factors of k.
2
Let m(t) = -t**2 + 5*t + 8. Let d be m(6). What are the prime factors of 64/d - 16/4?
2, 7
Let k = 12 + -5. Suppose -5*l - a - 35 = -0*a, -l + a - k = 0. Let y = 12 + l. List the prime factors of y.
5
Let j(h) = -h**2 - 7*h - 4. Let m be j(-6). Suppose 7 - 25 = m*c. Let f = -5 - c. What are the prime factors of f?
2
Let y = -5 - -15. Suppose 4*s - p = y, 8*p - 5*p - 2 = -4*s. Let k = 10 + s. List the prime factors of k.
2, 3
Let w be (-150)/9 + 4/6. List the prime factors of (-8 + 5)/(6/w).
2
Let o = 107 - 32. Suppose -6*m + o = -3*m. Let v = -14 + m. List the prime factors of v.
11
Let r = -124 - -22. What are the prime factors of (0 - -3)/((-9)/r)?
2, 17
Suppose -1629 = -6*q - 195. List the prime factors of q.
239
Suppose 3*s = -5*p + 335, 2*s = -3*p - p + 220. What are the prime factors of s?
2, 3, 5
Suppose 3*v = -5*a + 43, -2*v - 3*a = -7*a - 36. List the prime factors of v.
2
Let s be 4*14 + (0 - -2). Suppose -4*y + 34 + s = 0. What are the prime factors of y?
23
Suppose -3*g + 293 = 89. List the prime factors of g.
2, 17
Let s(r) = -r**2 + 9*r - 1. List the prime factors of s(4).
19
Let c be ((-70)/6)/((-3)/(-9)). Let f = c - -73. What are the prime factors of f?
2, 19
Suppose -3*u + 1 + 32 = 0. Suppose -2*k - 6 = 0, 4*p + 3*k = -p + u. Suppose 7*q - 48 = p*q. List the prime factors of q.
2
Suppose -5*w - 66 = -21. Let o = -6 - w. Suppose 12 + 33 = o*d. What are the prime factors of d?
3, 5
What are the prime factors of 2/3 - 196/(-12)?
17
Let y(a) = 5*a + 1 - a**3 - 1 - 3 - 6*a**2. Let g be y(-7). Let j = -8 + g. What are the prime factors of j?
3
Let f(i) = -2*i + 10. Let m be f(0). Let v(l) = 4*l - 15. List the prime factors of v(m).
5
Suppose -2 = -2*m + 4*m. Let s = -1 + m. List the prime factors of (-1)/(s*3/36).
2, 3
Let b(n) = -n**2 + 12*n + 3. Let k be b(8). Suppose k = c + 4*z, -c - z = 4*z - 40. List the prime fact